{"id":37233,"date":"2023-11-15T14:25:42","date_gmt":"2023-11-15T14:25:42","guid":{"rendered":"https:\/\/entrepueblos.org\/?page_id=37233"},"modified":"2023-11-15T14:26:05","modified_gmt":"2023-11-15T14:26:05","slug":"avis-legal","status":"publish","type":"page","link":"https:\/\/www.entrepobles.org\/repositoriweb\/avis-legal\/","title":{"rendered":"Av\u00eds Legal"},"content":{"rendered":"<h3>1.- Responsable del tractament:<\/h3>\n<p>ASSOCIACI\u00d3 ENTREPOBLES<\/p>\n<h3>2.- Tipus de dades i Finalitat del tractament:<\/h3>\n<p>Dades de contacte i altres necess\u00e0ries per a les finalitats requerides, com donar resposta a la informaci\u00f3 sol\u00b7licitada a trav\u00e9s de la nostra web https:\/\/entrepobles.org i altres mitjans, gestionar els nostres serveis, les activitats i prestacions que oferim a les nostres s\u00f2cies, la gesti\u00f3 comercial i administrativa de l\u2019Associaci\u00f3.<\/p>\n<h3>3.- Legitimaci\u00f3 del tractament:<\/h3>\n<p>Consentiment de l\u2019usuari\/\u00e0ria, compliment d\u2019obligacions legals, l\u2019execuci\u00f3 dels contractes que es generin entre l\u2019Associaci\u00f3 i prove\u00efdors\/es, treballadors\/es, o tercers i, si s\u2019escau, els interessos leg\u00edtims de l\u2019Associaci\u00f3.<\/p>\n<h3>4.- Termini de conservaci\u00f3:<\/h3>\n<p>Mentre duri la legitimaci\u00f3 per consentiment, relaci\u00f3 contractual o obligaci\u00f3 legal.<\/p>\n<h3>5.- Destinataris\/\u00e0ries:<\/h3>\n<p>Les dades que ens faciliti seran incorporades a la base de dades de l\u2019ASSOCIACI\u00d3 ENTREPOBLES i no seran cedides a tercers, excepte a aquells que necess\u00e0riament hagin d\u2019intervenir per a la prestaci\u00f3 dels nostres serveis o gesti\u00f3 de les nostres activitats.<\/p>\n<h3>6.- Exercici de drets:<\/h3>\n<p>Accedir, rectificar i suprimir les seves dades, aix\u00ed com els altres drets previstos per la normativa vigent.<\/p>\n<h3>7.- Reclamaci\u00f3 davant l\u2019Autoritat de Control:<\/h3>\n<p>Pot dirigir les reclamacions derivades del tractament de les seves dades de car\u00e0cter personal a l\u2019Ag\u00e8ncia Espanyola de Protecci\u00f3 de Dades (www.aepd.es).<\/p>\n<h3>8.- Legislaci\u00f3:<\/h3>\n<p>La present pol\u00edtica de privacitat es regeix en tots i cadascun dels seus extrems pel Reglament General de Protecci\u00f3 de dades de la Uni\u00f3 Europea i resta de normativa relacionada.<\/p>\n<h3>9.- Actualitzaci\u00f3:<\/h3>\n<p>Novembre 2023<\/p>\n","protected":false},"excerpt":{"rendered":"<p>1.- Responsable del tractament: ASSOCIACI\u00d3 ENTREPOBLES 2.- Tipus de dades i Finalitat del tractament: Dades de contacte i altres necess\u00e0ries per a les finalitats requerides, com donar resposta a la [&hellip;]<\/p>\n","protected":false},"author":11,"featured_media":0,"parent":0,"menu_order":0,"comment_status":"closed","ping_status":"closed","template":"","meta":{"_acf_changed":false,"_price":"","_stock":"","_tribe_ticket_header":"","_tribe_default_ticket_provider":"","_tribe_ticket_capacity":"0","_ticket_start_date":"","_ticket_end_date":"","_tribe_ticket_show_description":"","_tribe_ticket_show_not_going":false,"_tribe_ticket_use_global_stock":"","_tribe_ticket_global_stock_level":"","_global_stock_mode":"","_global_stock_cap":"","_tribe_rsvp_for_event":"","_tribe_ticket_going_count":"","_tribe_ticket_not_going_count":"","_tribe_tickets_list":"[]","_tribe_ticket_has_attendee_info_fields":false,"footnotes":"","_tec_slr_enabled":"","_tec_slr_layout":""},"class_list":["post-37233","page","type-page","status-publish","hentry"],"acf":[],"yoast_head":"<!-- This site is optimized with the Yoast SEO plugin v25.0 - https:\/\/yoast.com\/wordpress\/plugins\/seo\/ -->\n<title>Av\u00eds Legal - Entrepueblos<\/title>\n<meta name=\"robots\" content=\"index, follow, max-snippet:-1, max-image-preview:large, max-video-preview:-1\" \/>\n<link rel=\"canonical\" href=\"https:\/\/www.entrepobles.org\/repositoriweb\/avis-legal\/\" \/>\n<meta property=\"og:locale\" content=\"ca_ES\" \/>\n<meta property=\"og:type\" content=\"article\" \/>\n<meta property=\"og:title\" content=\"Av\u00eds Legal - Entrepueblos\" \/>\n<meta property=\"og:description\" content=\"1.- Responsable del tractament: ASSOCIACI\u00d3 ENTREPOBLES 2.- Tipus de dades i Finalitat del tractament: Dades de contacte i altres necess\u00e0ries per a les finalitats requerides, com donar resposta a la [&hellip;]\" \/>\n<meta property=\"og:url\" content=\"https:\/\/www.entrepobles.org\/repositoriweb\/avis-legal\/\" \/>\n<meta property=\"og:site_name\" content=\"Entrepueblos\" \/>\n<meta property=\"article:modified_time\" content=\"2023-11-15T14:26:05+00:00\" \/>\n<meta name=\"twitter:card\" content=\"summary_large_image\" \/>\n<meta name=\"twitter:label1\" content=\"Temps estimat de lectura\" \/>\n\t<meta name=\"twitter:data1\" content=\"1 minut\" \/>\n<script type=\"application\/ld+json\" class=\"yoast-schema-graph\">{\"@context\":\"https:\/\/schema.org\",\"@graph\":[{\"@type\":\"WebPage\",\"@id\":\"https:\/\/www.entrepobles.org\/repositoriweb\/avis-legal\/\",\"url\":\"https:\/\/www.entrepobles.org\/repositoriweb\/avis-legal\/\",\"name\":\"Av\u00eds Legal - Entrepueblos\",\"isPartOf\":{\"@id\":\"https:\/\/www.entrepueblos.org\/repositoriweb\/#website\"},\"datePublished\":\"2023-11-15T14:25:42+00:00\",\"dateModified\":\"2023-11-15T14:26:05+00:00\",\"breadcrumb\":{\"@id\":\"https:\/\/www.entrepobles.org\/repositoriweb\/avis-legal\/#breadcrumb\"},\"inLanguage\":\"ca\",\"potentialAction\":[{\"@type\":\"ReadAction\",\"target\":[\"https:\/\/www.entrepobles.org\/repositoriweb\/avis-legal\/\"]}]},{\"@type\":\"BreadcrumbList\",\"@id\":\"https:\/\/www.entrepobles.org\/repositoriweb\/avis-legal\/#breadcrumb\",\"itemListElement\":[{\"@type\":\"ListItem\",\"position\":1,\"name\":\"Portada\",\"item\":\"https:\/\/www.entrepobles.org\/repositoriweb\/\"},{\"@type\":\"ListItem\",\"position\":2,\"name\":\"Av\u00eds Legal\"}]},{\"@type\":\"WebSite\",\"@id\":\"https:\/\/www.entrepueblos.org\/repositoriweb\/#website\",\"url\":\"https:\/\/www.entrepueblos.org\/repositoriweb\/\",\"name\":\"Entrepueblos\",\"description\":\"Cooperaci\u00f3n pueblo a pueblo\",\"potentialAction\":[{\"@type\":\"SearchAction\",\"target\":{\"@type\":\"EntryPoint\",\"urlTemplate\":\"https:\/\/www.entrepueblos.org\/repositoriweb\/?s={search_term_string}\"},\"query-input\":{\"@type\":\"PropertyValueSpecification\",\"valueRequired\":true,\"valueName\":\"search_term_string\"}}],\"inLanguage\":\"ca\"}]}<\/script>\n<!-- \/ Yoast SEO plugin. -->","yoast_head_json":{"title":"Av\u00eds Legal - Entrepueblos","robots":{"index":"index","follow":"follow","max-snippet":"max-snippet:-1","max-image-preview":"max-image-preview:large","max-video-preview":"max-video-preview:-1"},"canonical":"https:\/\/www.entrepobles.org\/repositoriweb\/avis-legal\/","og_locale":"ca_ES","og_type":"article","og_title":"Av\u00eds Legal - Entrepueblos","og_description":"1.- Responsable del tractament: ASSOCIACI\u00d3 ENTREPOBLES 2.- Tipus de dades i Finalitat del tractament: Dades de contacte i altres necess\u00e0ries per a les finalitats requerides, com donar resposta a la [&hellip;]","og_url":"https:\/\/www.entrepobles.org\/repositoriweb\/avis-legal\/","og_site_name":"Entrepueblos","article_modified_time":"2023-11-15T14:26:05+00:00","twitter_card":"summary_large_image","twitter_misc":{"Temps estimat de lectura":"1 minut"},"schema":{"@context":"https:\/\/schema.org","@graph":[{"@type":"WebPage","@id":"https:\/\/www.entrepobles.org\/repositoriweb\/avis-legal\/","url":"https:\/\/www.entrepobles.org\/repositoriweb\/avis-legal\/","name":"Av\u00eds Legal - Entrepueblos","isPartOf":{"@id":"https:\/\/www.entrepueblos.org\/repositoriweb\/#website"},"datePublished":"2023-11-15T14:25:42+00:00","dateModified":"2023-11-15T14:26:05+00:00","breadcrumb":{"@id":"https:\/\/www.entrepobles.org\/repositoriweb\/avis-legal\/#breadcrumb"},"inLanguage":"ca","potentialAction":[{"@type":"ReadAction","target":["https:\/\/www.entrepobles.org\/repositoriweb\/avis-legal\/"]}]},{"@type":"BreadcrumbList","@id":"https:\/\/www.entrepobles.org\/repositoriweb\/avis-legal\/#breadcrumb","itemListElement":[{"@type":"ListItem","position":1,"name":"Portada","item":"https:\/\/www.entrepobles.org\/repositoriweb\/"},{"@type":"ListItem","position":2,"name":"Av\u00eds Legal"}]},{"@type":"WebSite","@id":"https:\/\/www.entrepueblos.org\/repositoriweb\/#website","url":"https:\/\/www.entrepueblos.org\/repositoriweb\/","name":"Entrepueblos","description":"Cooperaci\u00f3n pueblo a pueblo","potentialAction":[{"@type":"SearchAction","target":{"@type":"EntryPoint","urlTemplate":"https:\/\/www.entrepueblos.org\/repositoriweb\/?s={search_term_string}"},"query-input":{"@type":"PropertyValueSpecification","valueRequired":true,"valueName":"search_term_string"}}],"inLanguage":"ca"}]}},"ticketed":false,"_links":{"self":[{"href":"https:\/\/www.entrepobles.org\/repositoriweb\/wp-json\/wp\/v2\/pages\/37233","targetHints":{"allow":["GET"]}}],"collection":[{"href":"https:\/\/www.entrepobles.org\/repositoriweb\/wp-json\/wp\/v2\/pages"}],"about":[{"href":"https:\/\/www.entrepobles.org\/repositoriweb\/wp-json\/wp\/v2\/types\/page"}],"author":[{"embeddable":true,"href":"https:\/\/www.entrepobles.org\/repositoriweb\/wp-json\/wp\/v2\/users\/11"}],"replies":[{"embeddable":true,"href":"https:\/\/www.entrepobles.org\/repositoriweb\/wp-json\/wp\/v2\/comments?post=37233"}],"version-history":[{"count":2,"href":"https:\/\/www.entrepobles.org\/repositoriweb\/wp-json\/wp\/v2\/pages\/37233\/revisions"}],"predecessor-version":[{"id":37236,"href":"https:\/\/www.entrepobles.org\/repositoriweb\/wp-json\/wp\/v2\/pages\/37233\/revisions\/37236"}],"wp:attachment":[{"href":"https:\/\/www.entrepobles.org\/repositoriweb\/wp-json\/wp\/v2\/media?parent=37233"}],"curies":[{"name":"wp","href":"https:\/\/api.w.org\/{rel}","templated":true}]}}

Avís Legal

<h3>1.- Responsable del tractament:</h3>
<p>ASSOCIACIÓ ENTREPOBLES</p>
<h3>2.- Tipus de dades i Finalitat del tractament:</h3>
<p>Dades de contacte i altres necessàries per a les finalitats requerides, com donar resposta a la informació sol·licitada a través de la nostra web https://entrepobles.org i altres mitjans, gestionar els nostres serveis, les activitats i prestacions que oferim a les nostres sòcies, la gestió comercial i administrativa de l’Associació.</p>
<h3>3.- Legitimació del tractament:</h3>
<p>Consentiment de l’usuari/ària, compliment d’obligacions legals, l’execució dels contractes que es generin entre l’Associació i proveïdors/es, treballadors/es, o tercers i, si s’escau, els interessos legítims de l’Associació.</p>
<h3>4.- Termini de conservació:</h3>
<p>Mentre duri la legitimació per consentiment, relació contractual o obligació legal.</p>
<h3>5.- Destinataris/àries:</h3>
<p>Les dades que ens faciliti seran incorporades a la base de dades de l’ASSOCIACIÓ ENTREPOBLES i no seran cedides a tercers, excepte a aquells que necessàriament hagin d’intervenir per a la prestació dels nostres serveis o gestió de les nostres activitats.</p>
<h3>6.- Exercici de drets:</h3>
<p>Accedir, rectificar i suprimir les seves dades, així com els altres drets previstos per la normativa vigent.</p>
<h3>7.- Reclamació davant l’Autoritat de Control:</h3>
<p>Pot dirigir les reclamacions derivades del tractament de les seves dades de caràcter personal a l’Agència Espanyola de Protecció de Dades (www.aepd.es).</p>
<h3>8.- Legislació:</h3>
<p>La present política de privacitat es regeix en tots i cadascun dels seus extrems pel Reglament General de Protecció de dades de la Unió Europea i resta de normativa relacionada.</p>
<h3>9.- Actualització:</h3>
<p>Novembre 2023</p>

<p>1.- Responsable del tractament: ASSOCIACIÓ ENTREPOBLES 2.- Tipus de dades i Finalitat del tractament: Dades de contacte i altres necessàries per a les finalitats requerides, com donar resposta a la [&hellip;]</p>

<!-- This site is optimized with the Yoast SEO plugin v25.0 - https://yoast.com/wordpress/plugins/seo/ -->
<title>Avís Legal - Entrepueblos</title>
<meta name="robots" content="index, follow, max-snippet:-1, max-image-preview:large, max-video-preview:-1" />
<link rel="canonical" href="https://www.entrepobles.org/repositoriweb/avis-legal/" />
<meta property="og:locale" content="ca_ES" />
<meta property="og:type" content="article" />
<meta property="og:title" content="Avís Legal - Entrepueblos" />
<meta property="og:description" content="1.- Responsable del tractament: ASSOCIACIÓ ENTREPOBLES 2.- Tipus de dades i Finalitat del tractament: Dades de contacte i altres necessàries per a les finalitats requerides, com donar resposta a la [&hellip;]" />
<meta property="og:url" content="https://www.entrepobles.org/repositoriweb/avis-legal/" />
<meta property="og:site_name" content="Entrepueblos" />
<meta property="article:modified_time" content="2023-11-15T14:26:05+00:00" />
<meta name="twitter:card" content="summary_large_image" />
<meta name="twitter:label1" content="Temps estimat de lectura" />
	<meta name="twitter:data1" content="1 minut" />
<script type="application/ld+json" class="yoast-schema-graph">{"@context":"https://schema.org","@graph":[{"@type":"WebPage","@id":"https://www.entrepobles.org/repositoriweb/avis-legal/","url":"https://www.entrepobles.org/repositoriweb/avis-legal/","name":"Avís Legal - Entrepueblos","isPartOf":{"@id":"https://www.entrepueblos.org/repositoriweb/#website"},"datePublished":"2023-11-15T14:25:42+00:00","dateModified":"2023-11-15T14:26:05+00:00","breadcrumb":{"@id":"https://www.entrepobles.org/repositoriweb/avis-legal/#breadcrumb"},"inLanguage":"ca","potentialAction":[{"@type":"ReadAction","target":["https://www.entrepobles.org/repositoriweb/avis-legal/"]}]},{"@type":"BreadcrumbList","@id":"https://www.entrepobles.org/repositoriweb/avis-legal/#breadcrumb","itemListElement":[{"@type":"ListItem","position":1,"name":"Portada","item":"https://www.entrepobles.org/repositoriweb/"},{"@type":"ListItem","position":2,"name":"Avís Legal"}]},{"@type":"WebSite","@id":"https://www.entrepueblos.org/repositoriweb/#website","url":"https://www.entrepueblos.org/repositoriweb/","name":"Entrepueblos","description":"Cooperación pueblo a pueblo","potentialAction":[{"@type":"SearchAction","target":{"@type":"EntryPoint","urlTemplate":"https://www.entrepueblos.org/repositoriweb/?s={search_term_string}"},"query-input":{"@type":"PropertyValueSpecification","valueRequired":true,"valueName":"search_term_string"}}],"inLanguage":"ca"}]}</script>
<!-- / Yoast SEO plugin. -->

Avís Legal - Entrepueblos

1.- Responsable del tractament: ASSOCIACIÓ ENTREPOBLES 2.- Tipus de dades i Finalitat del tractament: Dades de contacte i altres necessàries per a les finalitats requerides, com donar resposta a la [&hellip;]

Cooperación pueblo a pueblo
